2 is divided by 94.
2
Calculate the remainder when 5339 is divided by 174.
119
Calculate the remainder when 156662 is divided by 39.
38
Calculate the remainder when 85652 is divided by 427.
252
What is the remainder when 4363 is divided by 27?
16
Calculate the remainder when 728666 is divided by 535.
531
What is the remainder when 4688 is divided by 131?
103
Calculate the remainder when 9139 is divided by 446.
219
What is the remainder when 528135 is divided by 37?
34
What is the remainder when 1082889 is divided by 1190?
1179
Calculate the remainder when 30617 is divided by 15295.
27
What is the remainder when 3896 is divided by 60?
56
Calculate the remainder when 1008794 is divided by 32.
26
Calculate the remainder when 93338 is divided by 130.
128
What is the remainder when 2109 is divided by 143?
107
Calculate the remainder when 19699 is divided by 17.
13
What is the remainder when 23248 is divided by 21?
1
Calculate the remainder when 11666 is divided by 11019.
647
Calculate the remainder when 36825 is divided by 132.
129
What is the remainder when 313216 is divided by 24?
16
Calculate the remainder when 47963 is divided by 47921.
42
Calculate the remainder when 9968 is divided by 2409.
332
Calculate the remainder when 3886 is divided by 201.
67
What is the remainder when 555 is divided by 136?
11
Calculate the remainder when 5605 is divided by 864.
421
Calculate the remainder when 4322 is divided by 481.
474
Calculate the remainder when 1734 is divided by 10.
4
What is the remainder when 2819 is divided by 1304?
211
What is the remainder when 316879 is divided by 4225?
4
Calculate the remainder when 186399 is divided by 20.
19
Calculate the remainder when 97697 is divided by 92.
85
Calculate the remainder when 8606 is divided by 151.
150
What is the remainder when 10105 is divided by 3356?
37
What is the remainder when 13692 is divided by 6806?
80
What is the remainder when 765742 is divided by 150?
142
What is the remainder when 1869 is divided by 78?
75
Calculate the remainder when 31533 is divided by 103.
15
What is the remainder when 2910 is divided by 1?
0
Calculate the remainder when 97835 is divided by 97820.
15
What is the remainder when 403153 is divided by 153?
151
Calculate the remainder when 2080823 is divided by 22.
19
What is the remainder when 27267 is divided by 127?
89
Calculate the remainder when 321814 is divided by 26.
12
What is the remainder when 4374 is divided by 934?
638
Calculate the remainder when 139721 is divided by 98.
71
What is the remainder when 72366 is divided by 140?
126
What is the remainder when 885 is divided by 687?
198
What is the remainder when 59533 is divided by 19770?
223
What is the remainder when 75885 is divided by 6864?
381
What is the remainder when 276947 is divided by 471?
470
What is the remainder when 10195 is divided by 204?
199
Calculate the remainder when 14089 is divided by 4586.
331
What is the remainder when 4380 is divided by 2111?
158
What is the remainder when 728289 is divided by 2142?
9
Calculate the remainder when 106657 is divided by 53319.
19
What is the remainder when 107775 is divided by 421?
420
What is the remainder when 11411 is divided by 3785?
56
What is the remainder when 55987 is divided by 64?
51
What is the remainder when 301487 is divided by 24?
23
What is the remainder when 594213 is divided by 81?
78
Calculate the remainder when 331649 is divided by 1091.
1076
What is the remainder when 113140 is divided by 153?
73
Calculate the remainder when 10277 is divided by 331.
16
What is the remainder when 143184 is divided by 321?
18
What is the remainder when 88332 is divided by 39?
36
What is the remainder when 1491 is divided by 17?
12
What is the remainder when 526897 is divided by 7?
0
What is the remainder when 49256 is divided by 49229?
27
Calculate the remainder when 60352 is divided by 122.
84
Calculate the remainder when 24355 is divided by 580.
575
What is the remainder when 2235 is divided by 138?
27
What is the remainder when 23617 is divided by 11804?
9
Calculate the remainder when 2592 is divided by 1287.
18
What is the remainder when 29081 is divided by 510?
11
Calculate the remainder when 1219885 is divided by 105.
100
Calculate the remainder when 3727 is divided by 746.
743
Calculate the remainder when 3728 is divided by 12.
8
What is the remainder when 26937 is divided by 60?
57
What is the remainder when 976 is divided by 473?
30
Calculate the remainder when 60664 is divided by 7581.
16
What is the remainder when 50297 is divided by 128?
121
What is the remainder when 11528 is divided by 1035?
143
What is the remainder when 160886 is divided by 56?
54
Calculate the remainder when 15481 is divided by 1719.
10
Calculate the remainder when 246482 is divided by 82079.
245
What is the remainder when 109093 is divided by 26?
23
What is the remainder when 31633 is divided by 344?
329
Calculate the remainder when 1980 is divided by 66.
0
Calculate the remainder when 7328 is divided by 2423.
59
What is the remainder when 90571 is divided by 963?
49
Calculate the remainder when 20610 is divided by 4004.
590
What is the remainder when 1380 is divided by 1?
0
Calculate the remainder when 40465 is divided by 826.
817
Calculate the remainder when 446001 is divided by 468.
465
What is the remainder when 21640 is divided by 21602?
38
What is the remainder when 4030 is divided by 1768?
494
What is the remainder when 506 is divided by 365?
141
Calculate the remainder when 1457 is divided by 180.
17
What is the remainder when 20236 is divided by 1683?
40
What is the remainder when 4509 is divided by 116?
101
Calculate the remainder when 41388 is divided by 13788.
24
Calculate the remainder when 3784 is divided by 30.
4
Calculate the remainder when 1472453 is divided by 914.
913
What is the remainder when 7490 is divided by 284?
106
Calculate the remainder when 851275 is divided by 159.
148
What is the remainder when 4309 is divided by 331?
6
What is the remainder when 49713 is divided by 1988?
13
What is the remainder when 1717 is divided by 427?
9
What is the remainder when 96922 is divided by 24228?
10
What is the remainder when 298643 is divided by 82?
81
What is the remainder when 4192 is divided by 2079?
34
What is the remainder when 23896 is divided by 918?
28
Calculate the remainder when 98334 is divided by 313.
52
What is the remainder when 8054 is divided by 7690?
364
What is the remainder when 1266 is divided by 971?
295
Calculate the remainder when 4232 is divided by 42.
32
Calculate the remainder when 536446 is divided by 50.
46
What is the remainder when 5008 is divided by 1561?
325
What is the remainder when 551 is divided by 19?
0
What is the remainder when 145223 is divided by 2?
1
What is the remainder when 5767 is divided by 960?
7
Calculate the remainder when 111439 is divided by 4285.
29
What is the remainder when 24869 is divided by 17?
15
What is the remainder when 4136 is divided by 113?
68
What is the remainder when 7997 is divided by 4?
1
Calculate the remainder when 158127 is divided by 14.
11
What is the remainder when 160 is divided by 39?
4
What is the remainder when 1929 is divided by 706?
517
Calculate the remainder when 170276 is divided by 33.
29
Calculate the remainder when 5399 is divided by 4955.
444
Calculate the remainder when 663 is divided by 62.
43
Calculate the remainder when 943 is divided by 223.
51
What is the remainder when 45164 is divided by 32?
12
What is the remainder when 106 is divided by 19?
11
What is the remainder when 128675 is divided by 158?
63
Calculate the remainder when 17561 is divided by 17549.
12
What is the remainder when 2688 is divided by 332?
32
What is the remainder when 90499 is divided by 74?
71
What is the remainder when 75796 is divided by 824?
812
What is the remainder when 360 is divided by 71?
5
Calculate the remainder when 854 is divided by 111.
77
Calculate the remainder when 6371 is divided by 457.
430
Calculate the remainder when 20807 is divided by 12.
11
What is the remainder when 29799 is divided by 2431?
627
Calculate the remainder when 607 is divided by 182.
61
Calculate the remainder when 38952 is divided by 263.
28
What is the remainder when 3992 is divided by 535?
247
What